y + 100. Let b be n(-2). Suppose -2*g + b*g = -4*h + 378, -4*g + 180 = 2*h. Calculate the remainder when h is divided by 17.
11
Let b = 485 + -491. Calculate the remainder when 372 is divided by (-25)/(-2) + b/(-12).
8
Suppose 0*n - n + 15 = 0. Let x = 19 - n. Suppose 3*j + x*f = 67, -j + 5*f - 89 = -5*j. What is the remainder when 39 is divided by j?
18
Let r be (-147)/(-4 + 1)*(8 - -3). Let l = r - 331. What is the remainder when l is divided by 58?
34
Let d = -6577 - -6962. What is the remainder when d is divided by 125?
10
Let a = 325 - 279. What is the remainder when 136 is divided by a/(-115)*-3*55?
4
Suppose 73*l - 117703 = 202326 - 85334. What is the remainder when l is divided by 67?
66
Suppose 0 = 19*r - 172 - 27 - 143. What is the remainder when 6747 is divided by r?
15
Suppose 2*m = 2*j - 7*j + 179, 2 = m. Suppose -10*f + 8*f + p + 273 = 0, 5*f - 710 = -3*p. Calculate the remainder when f is divided by j.
34
Suppose 3*h + 5*h = -128. Let o(i) = i**2 + 18*i + 38. Let b be o(h). Suppose -s = -b*s + 35. Calculate the remainder when 19 is divided by s.
5
Let l = -3368 - -3646. What is the remainder when l is divided by 74?
56
Let w = -13480 - -21247. Calculate the remainder when w is divided by 268.
263
Suppose -34161 = -129*v + 133926. Calculate the remainder when v is divided by 9.
7
Suppose 12 = -h + 2*h. Let f(i) = 23*i**2 + 4*i - 109. Let u(s) = 8*s**2 + s - 36. Let j(t) = 6*f(t) - 17*u(t). What is the remainder when j(4) is divided by h?
6
Suppose -3*k + 137*l + 126 = 140*l, 0 = 2*k + 5*l - 96. Calculate the remainder when 45 is divided by k.
7
Suppose 0*g + q - 944 = -3*g, -5*g - 5*q = -1580. Let f = g - 255. Calculate the remainder when f is divided by 24.
11
Let x be 4/(-30) - 2726/(-870). Suppose v + 3*w = w + 161, -x*v = -5*w - 538. What is the remainder when v is divided by 35?
31
Let p(s) = -948*s + 3976. Let a be p(4). Let r = -124 + 36. Let o = a + r. What is the remainder when o is divided by 25?
21
Let l(i) = 12*i + 101. Calculate the remainder when l(6) is divided by (((-35)/15 - -1) + 1)*-114.
21
Let c(m) = 247*m - 2652. What is the remainder when c(33) is divided by 50?
49
Let d = -1128 + 1594. Calculate the remainder when d is divided by 119.
109
Calculate the remainder when ((-1)/4)/(28*(-20)/13110720) is divided by 133.
1
Let h(r) = -18*r**2 - 328*r + 21. What is the remainder when 320 is divided by h(-18)?
41
Let c(q) = -4*q**3 - 12*q**2 + 11*q + 10. What is the remainder when 3598 is divided by c(-4)?
28
What is the remainder when 2997 is divided by -750*(6 + (-185)/30)?
122
Suppose -u = -4*m + 352, 0 = 5*m - 5*u - 297 - 143. Suppose 29*g = 30*g - m. Calculate the remainder when g is divided by 10.
8
Let s = 1816 + -1343. Calculate the remainder when s is divided by 80.
73
Let y(d) = -6*d + 20. Let g(x) = -5*x + 44. Let r be g(10). What is the remainder when y(r) is divided by ((-6)/(-15))/(1/30)?
8
Let k(d) = -6*d**2 + 424*d + 171. Let j = 20 + 20. What is the remainder when j is divided by k(71)?
11
Suppose -138 + 61 = -11*k. Suppose 0 = -m + 5*l + 38 - k, 2*m - 47 = -5*l. Let n = 168 + -97. What is the remainder when n is divided by m?
19
Let j = 1576 - 1567. Calculate the remainder when 256/6 - (-10)/(-15) is divided by j.
6
Let n = 90 - 132. Let p(f) = -5*f**3 + f**2 - 6*f + 5. Let k be p(-3). Let j = k - n. Calculate the remainder when j is divided by 53.
50
Suppose 2*i + 8*z - 7*z = 369, 5*z - 564 = -3*i. Calculate the remainder when 1098 is divided by i.
0
Let z(s) = 16*s**3 - 4*s + 3. Let k be z(2). Let l = -113 + k. Calculate the remainder when 46 is divided by l.
6
Let r = -751 - -738. Let w(v) = 2*v**3 + 26*v**2 + 2*v + 31. What is the remainder when w(r) is divided by 3?
2
Suppose 0 = 3*i + c - 1804, 7*i - 9*i = 3*c - 1212. Suppose 0 = -2*v + 17*v - i. What is the remainder when v is divided by 35?
5
Suppose 238*j - 340*j = 12263 - 107531. Calculate the remainder when j is divided by 47.
41
Let u = -102 - -240. Suppose -u = -3*a - 2*j, -10*j + 232 = 5*a - 6*j. Calculate the remainder when a is divided by 18.
8
Suppose -5*v = -2*v - 42. Let w = v + -16. Calculate the remainder when ((-65)/10)/(1*w/4) is divided by 5.
3
Let v(h) = -h**3 - 2*h**2 - 3*h - 3. What is the remainder when ((-580)/50)/((-2)/10*1) is divided by v(-3)?
13
Suppose 4*o + 14 = -2, 5*f + 5*o = -35. Let r be ((-44)/(-12) + -2)*f. What is the remainder when 1/(r/190*-1) is divided by 21?
17
Let n(u) = u**3 - 10*u**2 + 25*u - 486. Calculate the remainder when n(12) is divided by 26.
24
Let o = -255073 + 255083. Suppose 450 = -3*m + 5*m. Calculate the remainder when m is divided by o.
5
Suppose -23*z + 18*z = -45. Suppose 0 = -z*f - 3*f + 228. Calculate the remainder when f is divided by 5.
4
Suppose -10*g + 7*g + 405 = 0. Suppose 5*b - t + 6*t - g = 0, 0 = 3*b - t - 69. What is the remainder when b is divided by 94/18 + 4/(-18)?
4
Let k = 13 + -8. Let y = -458 - -508. What is the remainder when 36 is divided by ((-2)/k)/(4 + (-202)/y)?
6
Let s = -6 - -7. Calculate the remainder when (-390)/(-45)*(2 - (-4)/s) is divided by 37.
15
Calculate the remainder when (189/18 + -10)*694 is divided by 93.
68
Let v(w) = 239*w - 333. What is the remainder when 427 is divided by v(2)?
137
What is the remainder when ((-1)/6)/(117/(-499824)) is divided by 232?
16
Let b = 5681 + -5626. Calculate the remainder when 264 is divided by b.
44
Let j(d) = 2 + 0*d**2 + 149*d**3 - 3*d - 158*d**3 - d**2. Let g be j(2). Let w = g + 87. What is the remainder when w is divided by 7?
0
Let q(f) = 2*f**3 - 14*f**2 + 4*f + 1. Suppose -8*c = l - 4*c - 7, 3*l - 5*c - 21 = 0. Calculate the remainder when q(l) is divided by 12.
5
Let v(d) = d**3 + 20*d**2 + 16*d - 2. Let p(t) = t**3 - 13*t**2 - 29*t - 34. Let n be p(15). What is the remainder when v(n) is divided by 14?
13
Suppose 5*u - 183 + 36 = 238. Calculate the remainder when u is divided by 64.
13
Suppose -7*u - 75 + 5 = 0. Let h(n) be the third derivative of n**5/60 + 3*n**4/8 + 11*n**3/6 - n**2. What is the remainder when 81 is divided by h(u)?
18
Suppose 5*m = -5*h - 5, -3*h = 3*m + h + 8. Calculate the remainder when (-38)/((-182)/28 + -1 + 7) is divided by 33 - (2 - m) - -4.
37
Suppose -296*z + 45*z + 190154 = 12948. Calculate the remainder when z is divided by 70.
6
Let d(p) = -591*p - 1168. Calculate the remainder when 4381 is divided by d(-2).
13
Suppose 2*b = 3*o - 158, 0*o = -2*o + b + 105. Suppose 0 = 2*i, 5 + o = k - 3*i. Suppose 53*d + 64 = k*d. What is the remainder when 56 is divided by d?
8
Suppose -1444 - 4226 = 5*w. Calculate the remainder when 77 is divided by (-5)/(-2)*w/(-105).
23
Suppose 0 = 5*t + l - 4 + 14, 2*t = l + 3. Let y be (-11 - -14)/(t/3). Let s(m) = 2*m**2 + 12*m - 3. Calculate the remainder when s(y) is divided by 8.
3
Suppose -5*r + 4*z + 262 = 0, -2*r + 104 = -0*r - 2*z. Suppose -r - 41 = -k. What is the remainder when k is divided by (4 - 82/(-4))*2?
46
Let a(r) = -7*r + 156. Let l be a(20). Calculate the remainder when 63 is divided by (-7 + 4)/((-22)/l + 1).
7
Let x(u) = 2*u**2 - 30*u + 95. Let t(q) = -q**2 + 15*q - 47. Let a(k) = -5*t(k) - 2*x(k). What is the remainder when 15 is divided by a(12)?
6
Let u(d) = 9*d - 49. Let h be u(5). What is the remainder when 404 is divided by 2812/(-114)*6/h?
34
Suppose -2*r = s - 49, -s - 17 = 3*r - 4*r. Calculate the remainder when 123 is divided by r.
13
Let z(l) = -116*l + 3437. What is the remainder when 957 is divided by z(28)?
12
Suppose -2*r - 8 = -3*d, -5*d - 3*r + 26 = 38. Let m(l) = 17 + l - 3*l + 8*l. Calculate the remainder when 65 is divided by m(d).
14
Let f(q) = -66*q + 31. Let s(r) = 60*r - 30. Let j(u) = 4*f(u) + 5*s(u). Calculate the remainder when j(1) is divided by 4 + 1/2*0.
2
Suppose -75 + 30 = 2*l + 3*c, 140 = -4*l + 4*c. Let h be (54/l)/((-6)/10). Suppose -3 = -h*n + 6. Calculate the remainder when n is divided by 2.
1
Suppose 3*t = -63 + 84. Suppose 71 = 4*o + t. What is the remainder when 463 is divided by o?
15
Let q(y) = -y**3 + 30*y**2 - 123*y - 40. Let g be (-19)/(-7) - (-4)/14. What is the remainder when q(25) is divided by 27/g + -3 + -3?
1
Calculate the remainder when (-2)/(-6)*(135 + (-7 - 2)) is divided by 22.
20
Let z(o) = -o**2 + 41*o - 69. Let t be z(39). Suppose 1407 = -2*p + t*p. What is the r